{"id":1190,"date":"2021-06-16T15:12:50","date_gmt":"2021-06-16T15:12:50","guid":{"rendered":"https:\/\/weingut-andreas-hery.de\/?page_id=1190"},"modified":"2024-11-01T09:38:06","modified_gmt":"2024-11-01T09:38:06","slug":"weinprobe-on-tour","status":"publish","type":"page","link":"https:\/\/weingut-andreas-hery.de\/?page_id=1190","title":{"rendered":"Weinprobe &#8222;on tour&#8220;"},"content":{"rendered":"\n<hr \/>\n<p>Die s\u00fcdpf\u00e4lzer Weinberge sind perfekt f\u00fcr einen kleinen oder gro\u00dfen Spaziergang:)<\/p>\n<p>Mit dem pf\u00e4lzer Wald im Hintergrund, hat man eine tolle Sicht \u00fcber die Landschaft und kann f\u00fcr ein paar Stunden die Seele baumeln lassen.<\/p>\n<p>In dem Bollerwagen befindet sich alles, was sie f\u00fcr eine Vesper mitten in den Weinbergen ben\u00f6tigen.<\/p>\n<p>Zwei K\u00fchlboxen sind gef\u00fcllt mit regionalen Leckereien. Dazu geh\u00f6rt unser\u00a0 eigens erzeugter Wein und nat\u00fcrlich die gute Leberwurst.<\/p>\n<h2>Bspl. f\u00fcr 2 Personen:<\/h2>\n<p>3 Flaschen Wein ihrer Wahl<\/p>\n<p>2 Flaschen sauer Wasser<\/p>\n<p>Pf\u00e4lzer Brotzeitplatte<\/p>\n<p>Ein Bollerwagen kann von einer Gruppe zwischen 2-6 Personen gemietet werden.<\/p>\n<h2>Preise:<\/h2>\n<p>2 Personen 50 \u20ac<\/p>\n<p>jede weitere Person 20 \u20ac<\/p>\n<p>Kinder bis 12 Jahre 15 \u20ac<\/p>\n<p>Wir verlangen eine Kaution von 50 \u20ac, die sie nat\u00fcrlich bei R\u00fcckgabe wieder zur\u00fcckbekommen.<\/p>\n<p><a href=\"https:\/\/weingut-andreas-hery.de\/?page_id=2126\">Buchungsanfrage<\/a><\/p>\n<p>&nbsp;<\/p>\n","protected":false},"excerpt":{"rendered":"<p>Die s\u00fcdpf\u00e4lzer Weinberge sind perfekt f\u00fcr einen kleinen oder gro\u00dfen Spaziergang:) Mit dem pf\u00e4lzer Wald im Hintergrund, hat man eine tolle Sicht \u00fcber die Landschaft und kann f\u00fcr ein paar Stunden die Seele baumeln lassen. In dem Bollerwagen befindet sich alles, was sie f\u00fcr eine Vesper mitten in den Weinbergen ben\u00f6tigen. Zwei K\u00fchlboxen sind gef\u00fcllt [&hellip;]<\/p>\n","protected":false},"author":1,"featured_media":0,"parent":0,"menu_order":0,"comment_status":"closed","ping_status":"closed","template":"","meta":{"footnotes":""},"class_list":["post-1190","page","type-page","status-publish","hentry"],"_links":{"self":[{"href":"https:\/\/weingut-andreas-hery.de\/index.php?rest_route=\/wp\/v2\/pages\/1190","targetHints":{"allow":["GET"]}}],"collection":[{"href":"https:\/\/weingut-andreas-hery.de\/index.php?rest_route=\/wp\/v2\/pages"}],"about":[{"href":"https:\/\/weingut-andreas-hery.de\/index.php?rest_route=\/wp\/v2\/types\/page"}],"author":[{"embeddable":true,"href":"https:\/\/weingut-andreas-hery.de\/index.php?rest_route=\/wp\/v2\/users\/1"}],"replies":[{"embeddable":true,"href":"https:\/\/weingut-andreas-hery.de\/index.php?rest_route=%2Fwp%2Fv2%2Fcomments&post=1190"}],"version-history":[{"count":10,"href":"https:\/\/weingut-andreas-hery.de\/index.php?rest_route=\/wp\/v2\/pages\/1190\/revisions"}],"predecessor-version":[{"id":2232,"href":"https:\/\/weingut-andreas-hery.de\/index.php?rest_route=\/wp\/v2\/pages\/1190\/revisions\/2232"}],"wp:attachment":[{"href":"https:\/\/weingut-andreas-hery.de\/index.php?rest_route=%2Fwp%2Fv2%2Fmedia&parent=1190"}],"curies":[{"name":"wp","href":"https:\/\/api.w.org\/{rel}","templated":true}]}}