{"id":649,"date":"2019-06-30T06:37:45","date_gmt":"2019-06-30T06:37:45","guid":{"rendered":"http:\/\/weingut-andreas-hery.de\/?post_type=product&#038;p=649"},"modified":"2026-04-17T03:55:13","modified_gmt":"2026-04-17T03:55:13","slug":"minipaket-secco-3-flaschen-versandkostenfrei","status":"publish","type":"product","link":"https:\/\/weingut-andreas-hery.de\/?product=minipaket-secco-3-flaschen-versandkostenfrei","title":{"rendered":"Minipaket Secco, 3 Flaschen"},"content":{"rendered":"<h5><strong>In diesem kleinen Paket sind unsere drei prickelnde Klassiker. Eine Flasche Riesling Sekt trocken , sowie je eine Flasche Secco wei\u00df und ros\u00e9. Ob als Aperitif oder f\u00fcr einen leckeren Sommercocktail, mit diesen drei liegen sie genau richtig.<\/strong><\/h5>\n<h3>Secco &#8222;Madlen&#8220; (wei\u00df)<\/h3>\n<ul>\n<li>Ein fruchtig, spritzig, prickelndes Sommergetr\u00e4nk<\/li>\n<li>Secco ist Wein mit zugesetzter Kohlens\u00e4ure<\/li>\n<li>Wird aus Riesling hergestellt<\/li>\n<li>Wird halbtrocken ausgebaut<\/li>\n<li>Ist nach unserer Tochter Madlen benannt!<\/li>\n<li>Eignet sich f\u00fcr viele Gelegenheiten, z.B. als Aperitif oder auch zu Eis oder Sorbet oder als Grundlage f\u00fcr Cocktails<\/li>\n<\/ul>\n<h5>0,75 L &#8211; 10 % vol. &#8211; enth\u00e4lt Sulfite<\/h5>\n<h3>Secco &#8222;Paul&#8220; (rose)<\/h3>\n<ul>\n<li>Ein fruchtig-spritziges Sommergetr\u00e4nk<\/li>\n<li>Kosteng\u00fcnstig, da keine Sektsteuer<\/li>\n<li>Wird aus Portugieser oder Dornfelder hergestellt<\/li>\n<li>Der Secco wird halbtrocken ausgebaut<\/li>\n<li>Ist nach unserem Sohn Paul benannt!<\/li>\n<li>Eignet sich zu vielen Gelegenheiten, z.B. als Aperitif oder auch zu Nachtischen<\/li>\n<\/ul>\n<h5>0,75 L &#8211; 10,5 % vol. &#8211; enth\u00e4lt Sulfite<\/h5>\n<h3>Riesling Sekt trocken<\/h3>\n<ul>\n<li>Prickelnd und s\u00fcffig<\/li>\n<li>Eignet sich f\u00fcr viele Gelegenheiten und f\u00fcr jede Tageszeit<\/li>\n<\/ul>\n<h5>o,75 L &#8211; 12 % vol. &#8211; enth\u00e4lt Sulfite<\/h5>\n<h5><\/h5>\n","protected":false},"excerpt":{"rendered":"<p>3 prickelnde Flaschen: Secco &#8222;Madlen&#8220;, Secco &#8222;Paul&#8220;, Riesling Sekt<\/p>\n","protected":false},"featured_media":2045,"comment_status":"open","ping_status":"closed","template":"","meta":[],"product_brand":[],"product_cat":[86,73,36],"product_tag":[],"class_list":{"0":"post-649","1":"product","2":"type-product","3":"status-publish","4":"has-post-thumbnail","6":"product_cat-angebot-des-monats","7":"product_cat-probierpakete","8":"product_cat-sekt-secco","10":"first","11":"instock","12":"taxable","13":"shipping-taxable","14":"purchasable","15":"product-type-simple"},"_links":{"self":[{"href":"https:\/\/weingut-andreas-hery.de\/index.php?rest_route=\/wp\/v2\/product\/649","targetHints":{"allow":["GET"]}}],"collection":[{"href":"https:\/\/weingut-andreas-hery.de\/index.php?rest_route=\/wp\/v2\/product"}],"about":[{"href":"https:\/\/weingut-andreas-hery.de\/index.php?rest_route=\/wp\/v2\/types\/product"}],"replies":[{"embeddable":true,"href":"https:\/\/weingut-andreas-hery.de\/index.php?rest_route=%2Fwp%2Fv2%2Fcomments&post=649"}],"wp:featuredmedia":[{"embeddable":true,"href":"https:\/\/weingut-andreas-hery.de\/index.php?rest_route=\/wp\/v2\/media\/2045"}],"wp:attachment":[{"href":"https:\/\/weingut-andreas-hery.de\/index.php?rest_route=%2Fwp%2Fv2%2Fmedia&parent=649"}],"wp:term":[{"taxonomy":"product_brand","embeddable":true,"href":"https:\/\/weingut-andreas-hery.de\/index.php?rest_route=%2Fwp%2Fv2%2Fproduct_brand&post=649"},{"taxonomy":"product_cat","embeddable":true,"href":"https:\/\/weingut-andreas-hery.de\/index.php?rest_route=%2Fwp%2Fv2%2Fproduct_cat&post=649"},{"taxonomy":"product_tag","embeddable":true,"href":"https:\/\/weingut-andreas-hery.de\/index.php?rest_route=%2Fwp%2Fv2%2Fproduct_tag&post=649"}],"curies":[{"name":"wp","href":"https:\/\/api.w.org\/{rel}","templated":true}]}}