{"id":975,"date":"2020-09-06T06:32:55","date_gmt":"2020-09-06T06:32:55","guid":{"rendered":"https:\/\/weingut-andreas-hery.de\/?post_type=product&#038;p=975"},"modified":"2026-04-17T03:55:14","modified_gmt":"2026-04-17T03:55:14","slug":"glueckwunsch-paket","status":"publish","type":"product","link":"https:\/\/weingut-andreas-hery.de\/?product=glueckwunsch-paket","title":{"rendered":"Gl\u00fcckwunsch-Paket"},"content":{"rendered":"<h5><strong>Sie wollen jemanden eine Freude machen? Dann ist das Gl\u00fcckwunsch Paket genau das Richtige. Es beinhaltet eine Flasche Riesling Sekt mit sch\u00f6nem Geburtstagsetikett, sowie einen fruchtigen Riesling, der sich durch seine Zitrus-und Apfelaromen auszeichnet sowie einen kr\u00e4ftigen Cabernet Mitos, der vollmundig ist und dessen Geschmack an Brombeere und schwarze Johannisbeere erinnert.Ideal auch f\u00fcr Freunde und Bekannte , denen man leider nicht pers\u00f6nlich gratulieren kann , aber eine Freude machen m\u00f6chte.<\/strong><\/h5>\n<h5><\/h5>\n<h5>Das Paket wird an ihre Wunschadresse versendet<\/h5>\n<h3>Riesling Sekt trocken mit Etikett &#8222;Herzlichen Gl\u00fcckwunsch&#8220;<\/h3>\n<ul>\n<li>Flascheng\u00e4rung<\/li>\n<li>Prickelnd und s\u00fcffig<\/li>\n<li>Eignet sich f\u00fcr viele Gelegenheiten und f\u00fcr jede Tageszeit<\/li>\n<\/ul>\n<h5>0,75 L &#8211; 12 % vol. &#8211; enth\u00e4lt Sulfite<\/h5>\n<h3>Riesling -Ruppertsberger Nu\u00dfbien<\/h3>\n<ul>\n<li>Er wird am Fu\u00dfe des Pf\u00e4lzer Waldes, an der angesehen Lage &#8222;Ruppertsberger Nu\u00dfbien&#8220; angebaut<\/li>\n<li>Kein anderes Land steht so f\u00fcr den Riesling wie Deutschland<\/li>\n<li>Gez\u00fcchtet wurde er 1435<\/li>\n<li>Er hat eine sch\u00f6ne S\u00e4ure und zeichnet sich durch sein Zitrus-und Apfelaromen aus<\/li>\n<li>Er eignet sich sehr gut zu leichten Gerichten wie Fisch, Spargel, Fleisch sowie Pasta<\/li>\n<\/ul>\n<h5>0,75 L &#8211; 12,5 % vol. &#8211; enth\u00e4lt Sulfite<\/h5>\n<h3>Cabernet Mitos QbA trocken<\/h3>\n<ul>\n<li>Seit 2001 wird diese Rebsorte angebaut<\/li>\n<li>Die Traubenschalen und das Fruchtfleisch sind dunkelrot, was sich in der kr\u00e4ftigen Farbe des Weines wiederspiegelt.<\/li>\n<li>Er ist sehr vollmundig, fruchtig und kraftvoll. Er erinnert an den Geschmack nach schwarzer Johannisbeere und Brombeere<\/li>\n<li>Ein sch\u00f6ner, kr\u00e4ftiger, trockener Rotwein, der ein guter Essensbegleiter f\u00fcr Wild , Braten oder K\u00e4se ist.<\/li>\n<\/ul>\n<h5>0,75 L &#8211; 13,5 % vol. &#8211; enth\u00e4lt Sulfite<\/h5>\n<h5><\/h5>\n","protected":false},"excerpt":{"rendered":"<p>Bestehend aus einer Flasche Riesling Sekt trocken mit &#8222;Herzlichen Gl\u00fcckwunsch&#8220;-Etikett, einer Flasche Riesling und einer Flasche Cabernet Mitos.<\/p>\n<p>Eine Gl\u00fcckwunschkarte darf nat\u00fcrlich nicht fehlen. Diese wird mit ihrem Wunschtext gef\u00fcllt. Diesen bitte bei dem Bestellformular unter Bemerkungen hinzuf\u00fcgen und schon wird das Paket an ihre Wunschadresse geschickt.<\/p>\n","protected":false},"featured_media":2042,"comment_status":"open","ping_status":"closed","template":"","meta":[],"product_brand":[],"product_cat":[73],"product_tag":[],"class_list":{"0":"post-975","1":"product","2":"type-product","3":"status-publish","4":"has-post-thumbnail","6":"product_cat-probierpakete","8":"first","9":"instock","10":"taxable","11":"shipping-taxable","12":"purchasable","13":"product-type-simple"},"_links":{"self":[{"href":"https:\/\/weingut-andreas-hery.de\/index.php?rest_route=\/wp\/v2\/product\/975","targetHints":{"allow":["GET"]}}],"collection":[{"href":"https:\/\/weingut-andreas-hery.de\/index.php?rest_route=\/wp\/v2\/product"}],"about":[{"href":"https:\/\/weingut-andreas-hery.de\/index.php?rest_route=\/wp\/v2\/types\/product"}],"replies":[{"embeddable":true,"href":"https:\/\/weingut-andreas-hery.de\/index.php?rest_route=%2Fwp%2Fv2%2Fcomments&post=975"}],"wp:featuredmedia":[{"embeddable":true,"href":"https:\/\/weingut-andreas-hery.de\/index.php?rest_route=\/wp\/v2\/media\/2042"}],"wp:attachment":[{"href":"https:\/\/weingut-andreas-hery.de\/index.php?rest_route=%2Fwp%2Fv2%2Fmedia&parent=975"}],"wp:term":[{"taxonomy":"product_brand","embeddable":true,"href":"https:\/\/weingut-andreas-hery.de\/index.php?rest_route=%2Fwp%2Fv2%2Fproduct_brand&post=975"},{"taxonomy":"product_cat","embeddable":true,"href":"https:\/\/weingut-andreas-hery.de\/index.php?rest_route=%2Fwp%2Fv2%2Fproduct_cat&post=975"},{"taxonomy":"product_tag","embeddable":true,"href":"https:\/\/weingut-andreas-hery.de\/index.php?rest_route=%2Fwp%2Fv2%2Fproduct_tag&post=975"}],"curies":[{"name":"wp","href":"https:\/\/api.w.org\/{rel}","templated":true}]}}